ommon factor of s and i.
10
Let l be -2 - -2 - -2*103. Let j = 75840 + -75838. What is the greatest common factor of l and j?
2
Let n(m) = -3*m - 47. Let f be n(-17). Let l = 142 - f. Calculate the highest common factor of l and 92.
46
Suppose 4*y + 2 + 2 = 0. Let d be 6*y/(-39) - 336/(-13). Let j be 2/6 + (-154)/(-6). What is the greatest common factor of j and d?
26
Let z = 38 + -26. Let d = 133 - 32. Suppose d + 163 = 2*o. Calculate the highest common divisor of z and o.
12
Suppose -5*i - 637 = -657, -3*c + 622 = -2*i. Calculate the highest common factor of c and 4445.
35
Suppose -888*n + 29 = 5*s - 884*n, -57 = -5*s + 3*n. Suppose 3*b - z - 511 = 2*b, -4*b + 2*z = -2048. What is the highest common divisor of b and s?
9
Suppose 5*k + 20*q - 25*q - 3860 = 0, 3*q + 780 = k. Calculate the greatest common divisor of k and 32.
32
Let u = 3668 - 3657. Let z = -32 + 14. Let w be 11/9 - (-4)/z. What is the highest common factor of u and w?
1
Let f = 128 + -125. Let z be 11/(-33) + (622/f - 0). Calculate the greatest common divisor of z and 18.
9
Let v be (1 - (-85)/(-35))*(-252)/90. Calculate the highest common divisor of 6196 and v.
4
Let t = 220 + -238. Suppose 99 = 3*w - 30. Let g = t + w. What is the highest common divisor of 225 and g?
25
Suppose 4*b = -o + 5*o - 24, -18 = -3*o + 5*b. Suppose -2*z - 3*h = -2*h - o, -22 = -4*z + 3*h. What is the highest common divisor of 112 and z?
4
Let u(s) = s**2 - 6*s - 16. Let a be u(-21). Suppose -a = -5*m + 289. What is the highest common divisor of 42 and m?
42
Let t be (909/12)/(-5 + 430/80). What is the highest common factor of t and 1717?
101
Let b be (-2)/7 - (-275)/7. Suppose 0 = 20*k - 3302 + 3042. What is the highest common divisor of b and k?
13
Let m = -167 - -166. Let b be (m/(-3))/(6*(-8)/(-4320)). What is the greatest common divisor of b and 6?
6
Suppose 4*o - 16730 = -p, 8*p = 5*p + 6. What is the highest common factor of 102 and o?
102
Suppose 0 = -2*w + 201 - 217, 3*w + 219 = 5*h. What is the highest common divisor of h and 30264?
39
Let s = -30 + 111. Let c(d) = -26*d + 17. Let a be c(2). Let u = s + a. Calculate the greatest common divisor of 69 and u.
23
Let f = 744 + -719. Let n be (2/14)/1 + (-3848)/(-14). Calculate the highest common divisor of f and n.
25
Let a(p) = -36*p - 136. Let t be a(-7). What is the highest common factor of 2494 and t?
58
Suppose 2*b = 137 + 301 + 658. What is the greatest common factor of 1233 and b?
137
Let z(q) = 40*q - 1. Let l be z(1). Suppose -285*f + 280*f = -30. Suppose 9*g + f = 10*g. What is the highest common factor of g and l?
3
Suppose x - 22*x - 37*x = -10324. Calculate the highest common factor of x and 11303.
89
Let t = -1250 + 2372. Calculate the greatest common factor of t and 204.
102
Let i(w) = 63*w**2 + 293*w - 11. Let d be i(-5). Let u be 5/(120/212) - 2/(-12). What is the highest common factor of d and u?
9
Let t(z) = 5*z**2 + z + 66. Let g be t(-8). Let j = 447 - g. What is the highest common factor of 6 and j?
3
Let m be (39/(-4))/(2/(-8)). Let s be (-35979)/(-1407) - 6/(-14). What is the highest common factor of s and m?
13
Let p(c) = -2*c - 18. Let j be p(-20). Suppose 0 = -4*o + 10*o - 132. Suppose -3*a + o = -2*a. Calculate the highest common divisor of j and a.
22
Let o(w) = 3*w - 21. Let b be o(23). Suppose s - 56 = 5*r + b, -4*r + 95 = s. What is the highest common factor of s and 9?
9
Suppose 32896 = 102*t - 81548. Calculate the highest common factor of 66 and t.
66
Let h = -10206 - -10278. What is the greatest common divisor of 1017 and h?
9
Let s be 0 + (1 - (1 - 0)). Let w(i) = -4 + 7*i - 10 + 52 - 8*i. Let m be w(s). What is the highest common divisor of 95 and m?
19
Suppose 53*i - 52*i - 4*s - 1160 = 0, -5*i + 5896 = 4*s. What is the highest common divisor of i and 264?
24
Suppose -3*x - 2*p + 13 = -6, -5*x - 5*p + 35 = 0. Suppose -4*g + 140 = 4*c, 8*c = 5*c + x*g + 113. What is the highest common factor of 90 and c?
18
Let z = 1601 - 1576. Calculate the highest common factor of z and 700.
25
Let w(a) = 16*a - 10. Let m be w(4). Suppose 4*x + 5*o = 519, 5*x - 96 - 540 = -2*o. Calculate the highest common factor of x and m.
18
Suppose 56*t - 58*t = -460. What is the greatest common divisor of 170 and t?
10
Let u be 2 + (16/8 - -420). Suppose -3*f + 12 = 0, -55*t = -59*t - 2*f + u. What is the greatest common divisor of t and 169?
13
Suppose 2*o + 4768 = 2*i, 11904 = -0*i + 5*i - 3*o. Calculate the greatest common divisor of i and 968.
88
Let s(r) = 4*r - 113. Let z be s(29). Suppose -k - 4 - 14 = -n, z*n - 48 = k. What is the greatest common factor of n and 60?
15
Let h be -3*6/9 - -68. Let p = -114 - -120. Suppose -p*w = -8*w + 12. Calculate the highest common divisor of h and w.
6
Suppose -46*s + 32*s = -196. Let r = 581 - 329. What is the greatest common factor of r and s?
14
Suppose 32*h - 19*h + 5*a = 7952, -5*h + a = -3038. Calculate the greatest common factor of h and 261.
87
Let p(w) = 42*w**2 + 13*w - 11*w - 4 + 33*w**2 + 2. Suppose 0 = -m + 1. Let k be p(m). What is the greatest common divisor of k and 30?
15
Let k be ((-12)/6)/((-2)/4). Suppose -10*x - k*x = 924. Let c = x - -97. Calculate the highest common divisor of c and 31.
31
Let f be 3866/18 - 12/(-54). Let l be 8/(-16)*3/(-2)*(-3268)/(-57). What is the greatest common factor of l and f?
43
Let d(x) = x**2 + 9*x + 12. Let a be d(-8). Suppose 0 = 5*o - 5*y - 455, -o - a*y = -65 - 26. What is the highest common factor of o and 7?
7
Let f be (-2)/(-21) + 412/84 - -625. Calculate the highest common divisor of 105 and f.
105
Let f be (-1 - 1)/(-4)*-6 - -23. Suppose 2250 = 5*s + f*s. Calculate the greatest common divisor of s and 72.
18
Suppose -5*h = 5*f - 8*h - 32, 0 = f + 3*h + 8. Suppose 4*k - f + 4 = 0. Let d be (-3 - k) + (-1152)/(-9). What is the greatest common factor of d and 25?
25
Let d = 677 - 653. Let f be 56*(-1 - (-30)/d). Calculate the highest common divisor of f and 406.
14
Suppose 0 = -2*a + 12*a + 520. Let p = a + 66. What is the greatest common divisor of p and 154?
14
Let w(r) = -r**3 - 13*r**2 + 4*r - 125. Let o be w(-14). Suppose m - 4*z = -o, 2*z - 27 = -4*m + 3. What is the highest common factor of m and 335?
5
Let l be (-22 - -8) + -4 + 2. Let c be (-20)/l*(4 + 16). Suppose p - 875 = -6*p. What is the greatest common factor of p and c?
25
Let a(t) = t**2 - 12*t + 29. Let l be a(13). Suppose b + 2*f - l = 0, 0 = -4*b + 5*b + f - 37. Let r = 61 + -37. What is the highest common factor of b and r?
8
Let h = -840 - -880. Let w(f) = 37*f**2 + 3*f - 2. Let z be w(3). What is the greatest common divisor of h and z?
20
Let q(u) = -u**2 + 18*u - 26. Suppose 7*l = 16*l - 126. Let p be q(l). Calculate the highest common divisor of p and 70.
10
Let l be (13 + -6)/1*(-2 - -1). Let i be -3 - ((-3 - l) + -79). Calculate the highest common factor of 64 and i.
8
Let s = 46 + -19. Let p be ((-8)/(-6))/(2/s). Let g(w) = -3*w - 6. Let z be g(-6). Calculate the greatest common divisor of p and z.
6
Suppose 3*s - 7*s = 4*x + 952, -3*s = -2*x - 451. Let p = x + 235. Suppose 6*m - 40 = m. Calculate the highest common factor of m and p.
2
Suppose 54*z + 29466 = 116460. Calculate the greatest common factor of z and 27.
9
Let b(j) = 97*j**3 + 12*j**2 - 11*j - 39. Let k be b(3). What is the highest common divisor of k and 90?
45
Let u = 16405 + -15892. What is the greatest common divisor of 114 and u?
57
Suppose 14*v + 4216 = 5672. Calculate the highest common factor of 2912 and v.
104
Let u(a) be the third derivative of a**6/60 - a**5/20 - a**4/3 - 7*a**3/6 - 11*a**2. Let c be u(5). Calculate the greatest common factor of c and 32.
32
Let d(l) = -20*l**2 - 5*l + 26. Let y be d(3). Let k = y + 606. What is the greatest common factor of 23 and k?
23
Let i be 2*4*(-14 - 1320/(-128))*-4. Calculate the highest common factor of 885 and i.
59
Let w be (-24)/(-6 + 4) + -1. Let d(f) = -f**3 - f + 728. Let b be d(0). Let y be b/6 + (-133)/21 + 6. Calculate the highest common divisor of y and w.
11
Suppose 2065 - 366 = 3*d + 5*x, 5*d - 2842 = 2*x. What is the greatest common factor of d and 8?
8
Let m = 110 - -914. What is the greatest common factor of m and 32?
32
Suppose 19*z - 706 + 98 = 0. What is the highest common factor of z and 808?
8
Suppose 3*s - 103 = 93 -